84809.
84809
What are the prime factors of 1457?
31, 47
What are the prime factors of 145686?
2, 3, 24281
What are the prime factors of 5993?
13, 461
What are the prime factors of 1189?
29, 41
List the prime factors of 6345.
3, 5, 47
List the prime factors of 1468.
2, 367
List the prime factors of 152116.
2, 17, 2237
What are the prime factors of 68169?
3, 31, 733
What are the prime factors of 15325?
5, 613
What are the prime factors of 3178?
2, 7, 227
What are the prime factors of 607?
607
What are the prime factors of 7655?
5, 1531
List the prime factors of 8614.
2, 59, 73
What are the prime factors of 536?
2, 67
What are the prime factors of 782?
2, 17, 23
List the prime factors of 22824.
2, 3, 317
What are the prime factors of 6344?
2, 13, 61
What are the prime factors of 45599?
45599
List the prime factors of 2128.
2, 7, 19
List the prime factors of 8677.
8677
List the prime factors of 15020.
2, 5, 751
List the prime factors of 1514.
2, 757
List the prime factors of 10674.
2, 3, 593
What are the prime factors of 4558?
2, 43, 53
List the prime factors of 376.
2, 47
List the prime factors of 38490.
2, 3, 5, 1283
List the prime factors of 9974.
2, 4987
What are the prime factors of 402?
2, 3, 67
What are the prime factors of 2300?
2, 5, 23
What are the prime factors of 215?
5, 43
List the prime factors of 1539.
3, 19
What are the prime factors of 1085?
5, 7, 31
List the prime factors of 104576.
2, 19, 43
List the prime factors of 4087.
61, 67
What are the prime factors of 1278?
2, 3, 71
List the prime factors of 18432.
2, 3
List the prime factors of 953.
953
What are the prime factors of 12160?
2, 5, 19
What are the prime factors of 1236?
2, 3, 103
What are the prime factors of 1884?
2, 3, 157
What are the prime factors of 1082?
2, 541
What are the prime factors of 464?
2, 29
List the prime factors of 135975.
3, 5, 7, 37
What are the prime factors of 738?
2, 3, 41
What are the prime factors of 706?
2, 353
What are the prime factors of 59407?
59407
List the prime factors of 12237.
3, 4079
List the prime factors of 67916.
2, 16979
List the prime factors of 61320.
2, 3, 5, 7, 73
What are the prime factors of 25730?
2, 5, 31, 83
List the prime factors of 1291.
1291
List the prime factors of 6734.
2, 7, 13, 37
List the prime factors of 31.
31
What are the prime factors of 35377?
17, 2081
List the prime factors of 48.
2, 3
List the prime factors of 4304.
2, 269
What are the prime factors of 894?
2, 3, 149
List the prime factors of 1243.
11, 113
List the prime factors of 47181.
3, 15727
What are the prime factors of 15843?
3, 5281
List the prime factors of 2137.
2137
List the prime factors of 26614.
2, 7, 1901
What are the prime factors of 2054?
2, 13, 79
List the prime factors of 42247.
83, 509
List the prime factors of 804.
2, 3, 67
What are the prime factors of 141?
3, 47
What are the prime factors of 508?
2, 127
What are the prime factors of 41442?
2, 3, 6907
What are the prime factors of 153218?
2, 13, 71, 83
What are the prime factors of 11127?
3, 3709
What are the prime factors of 3046?
2, 1523
What are the prime factors of 340?
2, 5, 17
What are the prime factors of 60479?
197, 307
What are the prime factors of 48244?
2, 7, 1723
List the prime factors of 134704.
2, 8419
List the prime factors of 767.
13, 59
List the prime factors of 123571.
7, 127, 139
List the prime factors of 16956.
2, 3, 157
List the prime factors of 22841.
7, 13, 251
What are the prime factors of 750?
2, 3, 5
What are the prime factors of 2569?
7, 367
What are the prime factors of 81541?
73, 1117
What are the prime factors of 102421?
11, 9311
List the prime factors of 118039.
41, 2879
What are the prime factors of 64?
2
List the prime factors of 13894.
2, 6947
What are the prime factors of 15892?
2, 29, 137
List the prime factors of 2017.
2017
What are the prime factors of 7491?
3, 11, 227
List the prime factors of 1507.
11, 137
What are the prime factors of 687?
3, 229
What are the prime factors of 1959?
3, 653
What are the prime factors of 1544?
2, 193
List the prime factors of 2952.
2, 3, 41
What are the prime factors of 94803?
3, 31601
List the prime factors of 77377.
77377
What are the prime factors of 77719?
77719
What are the prime factors of 9494?
2, 47, 101
What are the prime factors of 21782?
2, 10891
List the prime factors of 82196.
2, 20549
List the prime factors of 579.
3, 193
List the prime factors of 1871.
1871
List the prime factors of 1639.
11, 149
List the prime factors of 1100.
2, 5, 11
What are the prime factors of 6853?
7, 11, 89
What are the prime factors of 929?
929
List the prime factors of 4192.
2, 131
What are the prime factors of 3542?
2, 7, 11, 23
What are the prime factors of 2256?
2, 3, 47
List the prime factors of 6133.
6133
List the prime factors of 145839.
3, 173, 281
List the prime factors of 471.
3, 157
What are the prime factors of 1254?
2, 3, 11, 19
What are the prime factors of 2590?
2, 5, 7, 37
What are the prime factors of 1763?
41, 43
What are the prime factors of 114472?
2, 41, 349
List the prime factors of 3583.
3583
What are the prime factors of 78334?
2, 53, 739
List the prime factors of 1576.
2, 197
What are the prime factors of 483?
3, 7, 23
What are the prime factors of 32527?
11, 2957
List the prime factors of 9511.
9511
What are the prime factors of 11191?
19, 31
List the prime factors of 721.
7, 103
What are the prime factors of 2265?
3, 5, 151
What are the prime factors of 12908?
2, 7, 461
List the prime factors of 166.
2, 83
List the prime factors of 3952.
2, 13, 19
List the prime factors of 5085.
3, 5, 113
What are the prime factors of 134?
2, 67
List the prime factors of 2236.
2, 13, 43
List the prime factors of 6929.
13, 41
List the prime factors of 78.
2, 3, 13
List the prime factors of 275.
5, 11
What are the prime factors of 2715?
3, 5, 181
What are the prime factors of 13586?
2, 6793
What are the prime factors of 4819?
61, 79
List the prime factors of 31898.
2, 41, 389
List the prime factors of 2441.
2441
List the prime factors of 2363.
17, 139
What are the prime factors of 510?
2, 3, 5, 17
List the prime factors of 199992.
2, 3, 13, 641
What are the prime factors of 1018?
2, 509
What are the prime factors of 1846?
2, 13, 71
What are the prime factors of 27036?
2, 3, 751
List the prime factors of 477.
3, 53
List the prime factors of 3928.
2, 491
List the prime factors of 15520.
2, 5, 97
What are the prime factors of 45619?
7, 19
What are the prime factors of 32?
2
What are the prime factors of 14048?
2, 439
List the prime factors of 6537.
3, 2179
List the prime factors of 1436.
2, 359
What are the prime factors of 75089?
7, 17, 631
What are the prime factors of 8316?
2, 3, 7, 11
What are the prime factors of 864?
2, 3
What are the prime factors of 3172?
2, 13, 61
What are the prime factors of 735?
3, 5, 7
What are the prime factors of 11369?
11369
What are the prime factors of 38126?
2, 11, 1733
What are the prime factors of 1779?
3, 593
List the prime factors of 13196.
2, 3299
What are the prime factors of 650?
2, 5, 13
What are the prime factors of 23131?
23131
What are the prime factors of 3725?
5, 149
List the prime factors of 30881.
30881
List the prime factors of 117536.
2, 3673
List the prime factors of 28670.
2, 5, 47, 61
What are the prime factors of 5802?
2, 3, 967
List the prime factors of 7409.
31, 239
List the prime factors of 26770.
2, 5, 2677
List the prime factors of 29893.
167, 179
What are the prime factors of 1764?
2, 3, 7
List the prime factors of 88446.
2, 3, 14741
List the prime factors of 11277.
3, 7, 179
What are the prime factors of 5683?
5683
List the prime factors of 22955.
5, 4591
What are the prime factors of 3234?
2, 3, 7, 11
What are the prime factors of 3516?
2, 3, 293
What are the prime factors of 593?
593
What are the prime factors of 9728?
2, 19
List the prime factors of 4656.
2, 3, 97
List the prime factors of 1452.
2, 3, 11
List the prime factors of 1211.
7, 173
List the prime factors of 2224.
2, 139
List the prime factors of 1141.
7, 163
What are the prime factors of 92086?
2, 41, 1123
What are the prime factors of 133987?
7, 19141
What are the prime factors of 35005?
5, 7001
List the prime factors of 899.
29, 31
What are the prime factors of 106196?
2, 139, 191
What a